first derivative of -1/12*n**4 - 20 + 1/10*n**5 + 12*n + 0*n**3 - n**2. Let l(x) be the first derivative of o(x). What is l(2)?
10
Let v(o) be the second derivative of 14*o**3/3 - 18*o**2 - 308*o. Let n be v(1). Let k(r) = r**3 + 8*r**2 + 4*r - 2. Determine k(n).
-34
Let n(z) = 5*z**2 + 14*z + 4. Suppose 4*b = 4*q, -22*q + 24*q = b - 4. Give n(q).
28
Let t(d) = 3*d - 6*d - 39 - 26 + 45. Let g(l) = -9*l - 59. Let r(y) = 2*g(y) - 7*t(y). What is r(-6)?
4
Let h(u) = -3*u - 11. Let a(o) = 15*o + 46. Let j(n) = -2*a(n) - 9*h(n). Calculate j(1).
4
Let l(q) = -2*q**2 + 7*q - 10. Let y = 374 + -369. What is l(y)?
-25
Let l(z) = -z**3 + z + 7. Let j(k) = -k**3 + 2*k**2 + 3*k - 3. Let i be j(2). Let y be (-32)/i*(-4)/(32/18). Let q = y - 24. Determine l(q).
7
Suppose -2*j = -5*u + 1, -j + 5*u = 4 - 11. Let k(n) = n**3 + 10*n**2 + 6*n - 8. Calculate k(j).
72
Let q be 58/(-203) - 46/(-14). Suppose 3*x - 1 = -3*c + 11, -q*c + 14 = 4*x. Let y(v) = -3*v + 4. What is y(c)?
-2
Let u(c) be the second derivative of -7/12*c**4 - 1/20*c**5 + 0 + 0*c**3 - 84*c + 3/2*c**2. What is u(-6)?
-33
Let y(c) = -13*c**2 + 46*c + 12. Let m(n) = 14*n**2 - 57*n - 15. Let p(l) = 4*m(l) + 5*y(l). Let i(r) = r - 11. Let s be i(10). Determine p(s).
-11
Let c(a) be the third derivative of -3*a**4/4 + 97*a**3/6 + 1045*a**2 - 3. Determine c(6).
-11
Let p(t) = t**3 - 12*t**2 + 33*t + 9. Suppose 87*y - 4*y + 13*y = 768. What is p(y)?
17
Let w(k) = 4*k + 1. Let r(t) = -590 - 2*t - 3*t + 611 + 0*t. Suppose -4*v + 6 = 2*u, 5*u + 29 = -3*v + 4*v. Let j be r(v). Give w(j).
5
Let s(d) = -102*d + d + 44*d + 13*d + 357. Determine s(8).
5
Let f(x) = -x - 7. Suppose -2*p - 50 = -3*p. Let j be (p/4)/5*(0 + 2). Suppose 0 = -0*a + j*a + 5*g + 20, -4*a + 5*g + 20 = 0. What is f(a)?
-7
Let k(n) = n + 3. Let r = -340 - -264. Let b be ((-186)/(-14) - 3)*-7. Let f = r - b. Determine k(f).
-1
Let h be (-46)/11 + 1*2/11. Suppose 7*d - 5 = 6*d. Let u(b) = 5 + 0 - 4*b + d*b. Determine u(h).
1
Let h be -3 - ((-2)/6 + 2/(-12)*34). Let u(y) = 13*y - 3. What is u(h)?
36
Let p be -9*(-4 - 98/(-63)). Let v(a) = a**3 - 22*a**2 + 2*a - 34. What is v(p)?
10
Let w(k) = -1240*k - 1242*k - 1244*k + 3738*k - 77. Determine w(7).
7
Let n(z) be the first derivative of -21*z**2/2 + 183*z + 837. Give n(8).
15
Suppose 12 = -5*s + 17. Let t be (-3 - -4)*(-1 - -2)*s. Let h(l) = 4*l - 3 - t + 8. What is h(-3)?
-8
Let l(c) = 11*c**2 - 14*c + 10. Let w(v) = -9*v**2 + 14*v - 8. Let m(y) = -4*l(y) - 5*w(y). Give m(11).
-33
Let a(i) = -i**3 + 26*i**2 - 25*i + 1. Let u be a(25). Let s(n) = 45*n**3 - 2*n**2 + 3*n - 2. What is s(u)?
44
Let p(m) = 3*m**3 - 17*m**2 - 8*m + 7. Let g(q) = -115*q - 4019. Let d be g(-35). What is p(d)?
-5
Let l(v) = v - 1. Let s(j) = j**2 + 2*j - 7. Let u be (-15)/(-60)*(-1 + 13). Let m be s(u). Calculate l(m).
7
Let b be (-1)/3 - 800/300. Let t(c) = -8*c - 1. Let l(q) = -5*q - 2. Let x(j) = b*l(j) + 2*t(j). What is x(1)?
3
Let b(d) be the first derivative of 7*d**2/2 - 137*d - 5629. Give b(14).
-39
Let c = 257 + -217. Suppose 3*f - 4*u - 16 = 0, -f + 36*u = c*u. Let p(x) = -x**2 + 15. What is p(f)?
-1
Let y(p) = p**2 + 23*p - 1. Let h be y(-23). Let g(d) = 2*d**2 + 6*d + 2. Let m(i) = -i**2 - i. Let z(c) = h*g(c) - m(c). Let n be -5*(8/4)/2. Give z(n).
-2
Let v(z) = z + 9. Let w be 430 + 0/(1/((-1)/(-2))). Let t = w - 443. Calculate v(t).
-4
Let w(c) be the second derivative of -c**5/20 + c**4/4 - c**3/6 - 3*c**2/2 + c. Suppose 6*p - 936 = 1980. Let x = -483 + p. What is w(x)?
-6
Let f(x) = -62*x**2 - 3*x + 9. Let z(k) = 31*k**2 + k - 4. Let h(c) = 3*f(c) + 7*z(c). Let d = -246313 - -246312. What is h(d)?
32
Let h(x) = -2*x. Let v(d) = -41*d + 68. Let j(z) = -14*z + 23. Let f(a) = -8*j(a) + 3*v(a). Let m(o) = f(o) - 5*h(o). Calculate m(0).
20
Suppose -9 = 3*f - 6*f. Let x(o) = 0*o - o**f - 10099*o**2 + 10090*o**2 + o + 13. Calculate x(-9).
4
Let o(l) = -l + 3*l - 6 - 4*l. Suppose 0 = -41*s + 39*s + 2*c, 0 = -2*s - c - 21. What is o(s)?
8
Suppose 132 = 4*k + 2*k. Let i = k - 20. Let v(m) = -i*m + 4*m - m - 5 - 2*m. What is v(-8)?
3
Suppose -6*l + 101 = 11. Let o be 5/1 + 16*l/120. Let v(f) = f**3 - 8*f**2 + 8*f - 8. Calculate v(o).
-1
Let f(m) = 42*m - 250. Let r(u) = 24*u - 115. Let y(d) = 3*f(d) - 5*r(d). Give y(29).
-1
Let n(t) = -13*t**3 + 39*t**2 + 24*t - 103. Let d(r) = 8*r**3 - 26*r**2 - 16*r + 69. Let z(c) = 8*d(c) + 5*n(c). What is z(-12)?
-11
Let p be 0*(-2 + 15/10). Suppose p = 11*n + 8 + 25. Let c(x) be the first derivative of x**3/3 + 3*x**2/2 - 2*x + 12. Calculate c(n).
-2
Suppose -5*v + 10*v - 13 = 3*u, v = 3*u - 7. Suppose -8*w - 4 = -10*w. Let o(s) = 4 + s**w - 5*s - 3 + 5. Calculate o(u).
2
Let b(v) = -v**2 + 16*v + 100. Suppose -5*m - m + 210 = 4*m. What is b(m)?
-5
Let k(y) = -y**2 - 7*y + 14. Let v be 70/(-4)*(-332)/(-415). Let i(h) = -h**2 - 28*h - 204. Let g be i(v). What is k(g)?
6
Let r(g) = g**2 - 7*g + 3. Suppose -7*n + 3*n - 40 = 0. Let s = n - -16. Let y be r(s). Let h(c) = c**3 + 3*c**2 + 2*c + 3. Determine h(y).
-3
Let c(z) = z**2 + 9*z + 15. Let n be 4/6 - 4/(-7)*2800/(-240). Calculate c(n).
-3
Let f(x) = 33*x**2 + 5*x - 7. Let j(v) = -8*v**2 - v + 2. Let n(s) = 2*f(s) + 9*j(s). Calculate n(3).
-47
Let g(o) = 5*o**2 + 16*o - 9. Let t(c) = -12*c**2 - 36*c + 19. Let h(n) = 7*g(n) + 3*t(n). Give h(6).
-18
Suppose 4067*c - 4070*c - 12 = 0. Let q be 1 + -1 - 2/(-1). Let j(n) = 7*n**2 + 2*n**q + n**3 - 2*n**2 - 1 - 3*n**2. Calculate j(c).
-1
Let m(v) = 2*v + 36. Suppose -4*o - 104 = 4*a, -3*o + 4*a - 75 = 6*a. Let p be m(o). Let n(y) = -y**3 - 9*y**2 + 12*y + 12. Give n(p).
-8
Let n(u) = 0*u**3 + 12 + 1 + 10*u**2 + u**3 - 10*u. Let a be n(-11). Let s(f) = -160*f**2 + 86*f**a - f**3 + 80*f**2 - 3. What is s(6)?
-3
Let p(s) = -s**2 - 35*s + 1. Let w(z) = z**2 + 48*z + 285. Let v be w(-40). Calculate p(v).
1
Suppose -7*m = 30 - 107. Suppose -4*y - g = 4*g - m, -4*g = y. Let x(n) = -19 + y + 5*n**2 + 14 + n. Give x(1).
5
Let z be 24*1/3*4. Let a be 1/(-3) + z/6. Let m(y) = -4 - 555504*y + 277754*y + 277752*y. Calculate m(a).
6
Let q(v) = -96*v + 30*v + 11*v + 45*v + 401 + 26*v. What is q(-25)?
1
Let z(q) = 11*q**2 - 169*q - 108*q + 9 + 276*q. What is z(-3)?
111
Let x(g) = g + 8. Let n(w) = 2*w + 16. Let p(z) = 3*n(z) - 5*x(z). Suppose -64 = i - 17*i. Calculate p(i).
12
Let r(l) be the second derivative of -l**4/3 - l**3/6 - 2*l**2 - 2*l + 1395. Calculate r(-3).
-37
Let v be (-65)/(-25) - (-32)/80. Let x(p) = -5*p**2 - 3. Let s(o) = -14*o**2 - 2*o - 9. Let t(l) = v*s(l) - 8*x(l). Determine t(-4).
-11
Let i(c) = c**2 + c + 6. Let u be i(0). Let p be (-1083)/(-114) - 6/(-4). Suppose -13 - p = u*q. Let x(z) = 4*z - 4. Calculate x(q).
-20
Let l(d) be the first derivative of -d**5/120 - d**4/8 + 2*d**3/3 + 90*d - 48. Let q(t) be the third derivative of l(t). Give q(8).
-11
Suppose -34*z + 25*z = -27*z + 54. Let k(s) be the third derivative of -1/60*s**5 + 0 + 1/3*s**z + 1/24*s**4 + 7*s**2 + 0*s. Give k(2).
0
Let b = -7619 + 7626. Let r(y) be the second derivative of 7/2*y**2 - 1/6*y**3 + y + 0. Calculate r(b).
0
Let k(a) = 5257019 - 10514035 + 5257024 - 2*a. Let r be 8 + 2/2 + -1. Determine k(r).
-8
Suppose 49*l = 28132 - 8728. Let u(q) = q**2 + 0*q**2 - 403*q + l*q. What is u(5)?
-10
Let q(a) = 28*a**2 - 17*a - 4. Let i(h) = h**2 + 1. Let l(c) = -17*c**2 + 8*c - 2. Let y(r) = -4*i(r) - l(r). Let x(w) = 6*q(w) - 13*y(w). Determine x(-5).
-33
Let r(g) be the third derivative of g**9/60480 + g**8/2240 + g**7/5040 + g**6/144 - 29*g**5/30 + 44*g**2. Let h(j) be the third derivative of r(j). Give h(-9).
-4
Let a(f) be the third derivative of -3*f**4/4 - f**3/3 + 44*f**2 - 6*f. Give a(-3).
52
Let o(l) = -53*l + 29. Let f(r) = 79*r - 32. Let i(b) = 2*f(b) + 3*o(b). Give i(17).
6
Suppose 2*i = -2*f + 8, f - 4*f - 4 = -5*i. Let n(t) be the third derivative of 0 + 0*t - 1/20*t**5 + 0*t**3 + 1/8*t**4 + 10*t**2. Give n(i).
-6
Let w(a) = -1 - 3*a**2 + 29*a - 30*a + 2 - 2. Let f(n) = 2*n**2 + n - 1. Let y(m) = 4*f(m) + 3*w(m). Calculate y(0).
-7
Suppose -28*a = 224 - 112. Let s(r) = 11*r + 51. Determine s(a).
7
Let d(x) = x**3 + 103*x**2 + 99*x - 309. Let w be d(-102). Let v(n) = 2*n**2 - 5*n - 17. Determine v(w).
16
Let t(k) = -4*k - 29. Let s(q) = 6*q + 42. Let f(g) = 5*s(g) + 8*t(g). Let o be (-8 - (